
2, 379
Let j = 82910 + -18556. What are the prime factors of j?
2, 23, 1399
Let u be (244/6)/(46/69). Let f = u - 106. What are the prime factors of (0 + (-15)/(-4))*(-1920)/f?
2, 5
Let z = -743 - -749. Suppose -z*k = 184 - 1084. List the prime factors of k.
2, 3, 5
Suppose 9*c - 20 = 16. Suppose -5*i + 2*d = -2446, -c*i + d = -0*i - 1958. What are the prime factors of i?
2, 5, 7
Let b(o) = 33664*o**3 + 2*o**2 + o - 4. List the prime factors of b(1).
3, 7, 229
Suppose 5*z = -v - 3*v + 73, 0 = 5*v + z - 107. Suppose -5*x + x - 2*j = v, 26 = -5*x - j. List the prime factors of (-2)/x + (-276)/(-10).
2, 7
Let r(t) = -8*t**2 + 4. Let x be r(-4). What are the prime factors of x*85/(-60) + 1/3?
2, 11
Suppose h - 5*y + 22 = 5*h, 32 = 5*h + 4*y. Let x be h + 6*((-7)/2 + 4). Suppose x*o - 10*o - 203 = 0. What are the prime factors of o?
7, 29
Let t(c) be the first derivative of -5*c**2/2 + 138*c - 149. List the prime factors of t(0).
2, 3, 23
What are the prime factors of 661 - 1 - 12*13/(-26)?
2, 3, 37
Let q = -44 + 26. Let s = q - -26. Suppose s = 5*p - 7, 2*u = 5*p + 107. What are the prime factors of u?
61
Suppose -151*w = -22702 + 13588 - 40263. List the prime factors of w.
3, 109
Let f = 47 + -43. Let y(h) = 9*h**2 - 7*h - 6. Let w be y(6). Suppose -4*p + k = 98 - w, 96 = 2*p - f*k. List the prime factors of p.
2, 11
Suppose 2*t - 19 = -5*d, -5*t - 2*d - 3*d + 25 = 0. Suppose -3*s + 2*y + 488 = 0, 4*y = t*s - 369 + 41. List the prime factors of s.
2, 3
Let t(v) = 37375*v**2 - 96*v - 96. List the prime factors of t(-1).
5, 13, 23
Let o be ((-12)/(-4) - 1) + -2. Suppose l = -3*z + 5*l + 702, o = 4*z - 4*l - 932. What are the prime factors of z?
2, 5, 23
Suppose -1938922 + 443428 = -117*w. List the prime factors of w.
2, 7, 11, 83
Let f be 3 + (0 - 2) - -91. Let m = -1449 + 1508. Let s = f - m. What are the prime factors of s?
3, 11
What are the prime factors of 17394 + (-4 - -12 - 23)?
3, 1931
Suppose 5 - 1 = -2*c. Let a be (c - -5) + 1 + -4. Suppose 4*t - 3 = t, -5*d + 2*t + 408 = a. What are the prime factors of d?
2, 41
Let t be ((6 - 6)/4)/(4 - 1). Suppose 0*j - 4*u = j - 346, -3*j + 3*u + 1008 = t. List the prime factors of j.
2, 13
Let j = 83400 - 42489. What are the prime factors of j?
3, 13, 1049
Suppose -13*b - 3*p + 2536 = -8*b, -b = -2*p - 515. Suppose -3*j + 1961 = b. List the prime factors of j.
2, 11
Let r = 68 - 24. Suppose 40*o = r*o - 840. What are the prime factors of o?
2, 3, 5, 7
Let j = 265 - 264. List the prime factors of 2 + j + 56 + 4.
3, 7
Suppose 35*n = -4*n + 121330 - 27769. What are the prime factors of n?
2399
Suppose 2*i = 4*l + 598, -3*i = -4*l - 716 - 181. Suppose -g + 2*x = -i, 0*x = 5*g + 2*x - 1519. List the prime factors of g.
3, 101
Let d(i) = -i**3 + 14*i**2 - 33*i + 428. List the prime factors of d(11).
2, 107
Let a(n) be the third derivative of 0*n - 37*n**2 + 0 - 1/60*n**5 + 17/24*n**4 + 8/3*n**3. What are the prime factors of a(13)?
2, 17
Let c = 370 - 259. Suppose 0 = n - c - 89. Let z = n + -95. What are the prime factors of z?
3, 5, 7
Let n = -1605 - -3615. What are the prime factors of n?
2, 3, 5, 67
Suppose -13*z + 2*z = 429. Let k = z - -43. Suppose -2*d = -2*u - 388, -363 = -4*d - k*u + 453. What are the prime factors of d?
199
Let q(f) = -f**3 + 11*f**2 - 9*f + 12. Let u be q(6). Let m = u + -117. What are the prime factors of m?
3, 7
Suppose -6*p + p = 3*z + 3416, 3*p + 2046 = -3*z. Let f = p - -8. What are the prime factors of (-4)/16 - f/4?
13
Let j(l) = 88*l**3 + l**2 + 15*l - 15. Suppose -6*g + g + 15 = -5*t, -4*g = -t - 15. List the prime factors of j(t).
89
What are the prime factors of (64/(-5))/(20/(-17450)) - -4?
2, 3, 7, 19
Let s(n) = 9*n + 27. Let p be s(-12). Let v = -42 - p. What are the prime factors of v?
3, 13
Suppose 0 = -0*k - k + 3. Let q be 0*(1 - k/2). Suppose q = y + m - 20, -3*m + m = y - 22. List the prime factors of y.
2, 3
Let y = 218 + 257. Suppose 5*n = 2*c + y, 17*n - 12*n = 4*c + 475. What are the prime factors of n?
5, 19
Let n(z) = -66*z + 624. List the prime factors of n(-20).
2, 3
Suppose -n - 4*f = -28, n = -0*f + 4*f + 60. Suppose 2*s + 106 - 28 = w, -4*w = -16. Let d = n - s. List the prime factors of d.
3
Suppose -108 = -5*c - c. Suppose c = 3*d - 4*k, k + 2 = 4*d - 9. Suppose 3*s - 2*y = -d*s + 625, -3*y = -2*s + 239. List the prime factors of s.
127
Suppose 3*s = -2 + 11. Suppose -3*b - s*j + 15 = 2*b, 0 = 3*b + 2*j - 10. Suppose 5*h - 37 = -4*z, -2*h = -b*h - 2. List the prime factors of z.
2
Let l be (102/(-15))/(7/1085). Let z = 27 - l. What are the prime factors of z?
23, 47
Suppose 42091 = -11*z + 179998. Suppose 8*x = 17*x - z. What are the prime factors of x?
7, 199
Let w be (-16)/20 + 306/45. Suppose w*g = 2048 + 2074. What are the prime factors of g?
3, 229
List the prime factors of (4/12 + (-86372)/(-48))*(-168)/(-42).
23, 313
Let c(n) = n**3 + 15*n**2 + 15*n + 16. Let x be c(-14). Let i be 8/x*15/6. Suppose 0 = -2*y + i, 0*y + 2*y = 3*p - 287. List the prime factors of p.
3, 11
Suppose -15613 = u - 4*u - 4*t, 9*u - 2*t - 46783 = 0. List the prime factors of u.
3, 1733
Let r = 9025 - 4390. List the prime factors of r.
3, 5, 103
Let y = 270 - -3. Suppose -5*j + 451 = 3*n, -n + y = 3*j - 0*n. List the prime factors of j.
2, 23
Suppose 4*r + 4 - 20 = 0. Suppose -r*j + 1150 + 1142 = 0. What are the prime factors of j?
3, 191
Let o = -381 - -401. Suppose 0 = -5*m + 25, o*r - 4015 = 15*r - m. What are the prime factors of r?
2, 401
Suppose 6*t + 57 = 4*h + 3*t, -5*t = 2*h - 9. Suppose p = 1, 3*u + 2*p = -p + h. Suppose -4*i - 243 = -3*c, u*i = c - 9 - 77. What are the prime factors of c?
7, 11
Suppose 22*d + 80 = 12*d. Let q = d + 11. Suppose -2*m + 735 = q*m. What are the prime factors of m?
3, 7
What are the prime factors of ((-9)/2)/(399/(-5199236))?
2, 3, 29, 337
Suppose -50*t = 13*t + 60*t - 2610921. What are the prime factors of t?
21227
Let z be 2*1/(-11) + 780/55. Let o be ((-8)/z)/(22/(-77)). List the prime factors of 42/(-63)*(-393)/o.
131
Suppose -a = f - 785, -5*f - 201 = -a + 572. Let x = a + -468. What are the prime factors of x?
3, 5, 7
Suppose 0 = 5*m + 4*r - 1322, 0 = 173*r - 172*r + 2. What are the prime factors of m?
2, 7, 19
Suppose -3*q - 3*i = -18, -10*q + 5*q = 3*i - 24. Let s(y) = 4 - 12 + 63*y + 17*y. What are the prime factors of s(q)?
2, 29
Let m(n) = n**3 + 4*n**2 - n + 2. Let l be m(-4). Let b be ((-18)/4)/(46/(-1104)). Suppose b + 60 = l*t. List the prime factors of t.
2, 7
Suppose -25*q + 254658 = -1384992. What are the prime factors of q?
2, 3, 17, 643
Let n(c) = 27*c**2 - c + 538. What are the prime factors of n(38)?
2, 617
Suppose -5838 = -2*r + 11686. List the prime factors of r.
2, 13, 337
Let h = 180 - 179. What are the prime factors of (h + -2)*-3 + 1 + 160?
2, 41
Suppose -z = -d - 228, -2*z = -2*d - 2*d - 906. Let w = 898 - d. What are the prime factors of w?
1123
Let l(m) be the third derivative of m**5/3 + m**4/12 + 28*m**2. Let r be l(1). Suppose -32*h = -r*h - 200. What are the prime factors of h?
2, 5
Suppose -2*o + 1075 = 581. Let l = o - -1141. What are the prime factors of l?
2, 347
Suppose 279 - 728 = -9*t + 1045. What are the prime factors of t?
2, 83
Suppose 262*u - 135*u + 88860 = 131*u. What are the prime factors of u?
3, 5, 1481
Let w(a) = -a**3 + 20*a**2 + 63*a + 27. Suppose 0 = 2*f - 4*s - 50, 6*s + 19 + 35 = 2*f. What are the prime factors of w(f)?
3, 101
What are the prime factors of (176639/(-174)*10)/(10/(-12))?
2, 6091
Let x = 532 - 535. What are the prime factors of (-2)/6*7902/x?
2, 439
Let a(n) = n**3 + 3*n**2 - 4*n - 9. Let w be a(-3). Suppose w*l - 1341 = 528. What are the prime factors of l?
7, 89
Suppose 225*u = 233*u - 368. Suppose -8*w + u = 4*p - 13*w, 3*p + w - 44 = 0. List the prime factors of p.
2, 7
Let s(q) = 57*q + 132. Let n be s(-2). Let t = 39 + -70. Let d = n - t. What are the prime factors of d?
7
Let o = 41818 - 22862. What are the prime factors of o?
2, 7, 677
Suppose 17 = 2*h - 0*h - 5*i, -2*h = i - 35. List the prime factors of 3813/(-6)*h/(-8).
31, 41
Suppose 3*f - 475 = -2*f. Let q be 4 - (f + 4)/(-3). Suppose 332 = 4*s - h, s = -3*h + q + 33. What are the prime factors of s?
2, 41
Suppose -4*x - 5*o + 93681 = 7011, 3*o = x - 21642. What are the prime factors of x